 is divided by v?
6
Let z = 74 + -37. Let i = -104160 - -104179. What is the remainder when z is divided by i?
18
Let t be (-1 + 5 - -2) + -211. Let l = t + 250. Calculate the remainder when l is divided by 16.
13
Let v = -55 - -94. Suppose -2*k - 17 = -v. What is the remainder when 59 is divided by k?
4
Let i(v) = v**3 - 41*v**2 - 48*v + 280. Calculate the remainder when 1027 is divided by i(42).
19
What is the remainder when 6/(-4) + (-3672)/(-48) is divided by 38?
37
Suppose 88*k = 51*k + 1961. What is the remainder when 103 is divided by k?
50
What is the remainder when 1574 is divided by (-40)/12 - 2479/(-111)?
16
Let m = 24 + -14. Let t(g) = -2*g + 21. Let o be t(0). Calculate the remainder when 35/o*(-18)/(-2) is divided by m.
5
Suppose -v + 74 = v. Let c = 63726 + -63720. Calculate the remainder when -2 + 0/(-2) + v is divided by c.
5
Let k(q) = -3*q**2 - 248*q + 1514. What is the remainder when 4859 is divided by k(-88)?
89
What is the remainder when 588 is divided by 34 - (-14 - (-7 + 2))?
29
Calculate the remainder when 328 is divided by (-3)/(-8) - (-37016)/448.
79
Suppose 35*l = 14546 + 15659. Let y = l + -721. Suppose u - 6 = 12. Calculate the remainder when y is divided by u.
16
Let l(i) = -285*i + 2304. Calculate the remainder when 4987 is divided by l(8).
19
Suppose -22*a + 415 = -91. Calculate the remainder when 1124 is divided by a.
20
Let p = 72 - 32. Let x be (2/2)/((2/(-71))/(-2)). Suppose 4*a - 19 = -2*n + 21, 5*a - x = -4*n. Calculate the remainder when p is divided by n.
12
Suppose 0 = 378*q - 536*q + 6162. Calculate the remainder when 3157 is divided by q.
37
Suppose 5*a + 3*h - 234 = 0, 4*a = -5*h + 69 + 100. Let f = 642 + -286. Calculate the remainder when f is divided by a.
50
Suppose -9*i + 861 = -1488. Let g = -251 + i. What is the remainder when 195 is divided by g?
5
Let i(n) = -n**2 - 19*n + 6. Let y(h) = 11*h + 387. Calculate the remainder when i(-15) is divided by y(-33).
18
Calculate the remainder when (10430/(-28))/(40/(-32)) is divided by 74.
2
Let l = 33 - 23. Suppose -y + 5 = -l. Suppose 10*w = -0*w + 60. Calculate the remainder when y is divided by w.
3
Suppose -6*h + 3*z + 885 = -h, z = 2*h - 353. What is the remainder when 599 is divided by h?
77
Let p = -446 + 188. Let x be (-160)/(-24)*(0 + p/(-4)). Let b = x + -262. What is the remainder when b is divided by 34?
32
Let x = 341 + -335. Suppose -4*u + 94 = 2*w, x*u - 8*u = 4*w - 182. What is the remainder when 86 is divided by w?
41
Suppose 3399 = 139*b - 4107. What is the remainder when 490 is divided by b?
4
Let n(y) = -y**3 - 13*y**2 + y + 9. Let k be n(-13). Suppose 0 = -5*h - 116 - 109. What is the remainder when 26 is divided by k/10 - 648/h?
12
Suppose 4*l + 60 = -4*s, 5*l - 11 = 5*s + 14. Let u be 3*-2 + (s - -13). What is the remainder when 24 is divided by u/((48/(-28))/4)?
3
Let v = 10084 + -10056. Calculate the remainder when 49 is divided by v.
21
What is the remainder when (6993/(-12))/(-3 + (-63)/(-24) - 0) is divided by 24?
18
Let x be 3*(7 + (-80)/15). Suppose -u + 132 = 4*t, t - u + x = 33. What is the remainder when 63 is divided by t?
31
Let b be 7/(-6)*-2*-3. Let c = b + 20. Suppose -8*a + 4*x + 340 = 0, 2*x = 3*a + 5735 - 5870. Calculate the remainder when a is divided by c.
9
Let c(x) = 2*x**2 - 7*x - 281. What is the remainder when 1285 is divided by c(14)?
11
Let l = -250 + 953. Suppose 27*p = l + 404. What is the remainder when 367 is divided by p?
39
Suppose 190 + 47 = 3*o. Suppose -2*l - 18 = 2*c, 4*l + l + 2*c + 39 = 0. What is the remainder when o is divided by ((l - -12) + 22)*(0 + 1)?
25
Suppose -152*v - 3*v - 22*v + 109209 = 0. Calculate the remainder when v is divided by 47.
6
Suppose 5*a - 2215 = 5*l + 5270, -4*a = 3*l - 5960. What is the remainder when a is divided by 65?
63
Suppose 26*w - 66 = 64. What is the remainder when -3 + 0 + 0 + 0 + 45 is divided by w?
2
What is the remainder when 85700/55 - (648/(-66) - (-5 - 5)) is divided by 756?
46
Let r(x) = -3*x + 2. Suppose -5*d - 20 - 20 = 0. Let k(q) = q**3 - 62*q**2 - 56*q - 435. What is the remainder when r(d) is divided by k(63)?
2
Let v(a) = 10*a**2 - 12*a + 20. Calculate the remainder when v(6) is divided by ((-104)/(-39))/((-12)/(-234)).
48
Suppose 0 = -25*p - 15*p + 9560. Calculate the remainder when p is divided by 26.
5
Suppose 7940*d - 7942*d + 178 = 5*n, -d + 115 = -4*n. Calculate the remainder when d is divided by 22.
11
Let x be (2 - (-2 + 2)) + -2. Suppose x = -2*s - 4, 3*s + 74 = 4*q + 12. Let y(r) = -28*r + 648. Calculate the remainder when q is divided by y(23).
2
Let n(b) = b**2 - 6*b - 16. Let t(i) = i**3 - i**2 - 2*i - 3. Let f be t(3). Suppose 12*r = 17*r - 375. Calculate the remainder when r is divided by n(f).
9
Suppose 0 = -28*q + 26*q + 178. What is the remainder when 357 is divided by q?
1
Let z(j) = -2*j. Let l(o) = 9*o**3 - 4*o**2 + 6*o + 3. Let q(t) = -l(t) - 3*z(t). Calculate the remainder when q(-2) is divided by 29.
27
Suppose 10*m + 236 = 12*m. Suppose 188 = 3*g - u, 2*g - m = u + 6. Let k = 92 - g. What is the remainder when k is divided by 7?
0
Let q be 0 - (2/(-6))/((-3)/18). What is the remainder when (-1210)/(-33)*((-8)/10 - -2) is divided by 13 + q + 4 + -3?
8
Suppose 0 = -2*m - 2*h + 274, 3*h - 738 = -5*m - 57. Let j = 154 - m. What is the remainder when 525/7 + (-2)/2 is divided by j?
17
Suppose 5*n - 154 = 216. Suppose n + 114 = 4*b. What is the remainder when 150 is divided by b?
9
Suppose 0 = -4*u + 5*d + 313, -2*u + 4*d = 2*d - 154. Let o(w) = -w**2 - 12*w + 6552. Calculate the remainder when u is divided by o(-87).
18
Suppose 34*x - 54*x + 1840 = 0. Let r(f) = -3*f - 1. Let u be r(0). Let g(d) = -48*d**3 - d**2 - 2*d - 1. Calculate the remainder when x is divided by g(u).
44
Let y be (3 - 2/(-2)*-2) + 80. Let f = y + -67. What is the remainder when 1/1 - (-3 + -50) is divided by f?
12
Suppose 77*v - 128*v = 81*v - 107976. What is the remainder when v is divided by 184?
82
Calculate the remainder when 380 is divided by 74/(-8)*744/(-93).
10
Let a be 0 + (-14)/(3*(-2)/9). Let u be 27/81*(0 + a). Calculate the remainder when 36 is divided by ((-72)/(-63))/(1/u).
4
Let j(o) = -49*o + 315. Calculate the remainder when 301 is divided by j(6).
7
Let y(j) = -25*j - 4. What is the remainder when y(-3) is divided by 31350/850 - (-12)/102?
34
Suppose -11586 = -91*a - 2941. What is the remainder when a is divided by 40?
15
Suppose -j + 19 = 2*d, 0 = 261*j - 264*j + 5*d + 79. Calculate the remainder when j is divided by 13.
10
Suppose 4*s - 47*k - 100 = -51*k, -4*s - 5*k + 103 = 0. Calculate the remainder when ((-16)/32)/(2/(488/(-1))) is divided by s.
12
Let b = 29427 - 29415. What is the remainder when 2296 is divided by b?
4
Let q(y) = -9*y**2 - 8*y + 664. Suppose -p + 2*c - 113 = 0, 3*p - 4*p - 3*c - 93 = 0. Let r = -35 - p. Calculate the remainder when r is divided by q(8).
22
Let x be ((-5)/15)/(5/30). What is the remainder when 2*(-4)/8 - x*23 is divided by 10?
5
Calculate the remainder when 63 is divided by 128/6 - (-672)/(-504).
3
Let u(x) = -3*x - 4. Calculate the remainder when -5 - ((-2)/6)/(19/7068) is divided by u(-10).
15
Let s = -27 + 45. Let t(j) = -4*j**3 + 148*j**2 + 10*j - 122. What is the remainder when t(37) is divided by s?
14
Let u(z) = -85*z - 65. Let g be u(10). Let h = 984 + g. Calculate the remainder when 130 is divided by h.
61
Suppose -4*v - 528 + 568 = 0. Calculate the remainder when 636 is divided by v.
6
Let t = 196 + -1. Let j = -63 + 106. Suppose 0 = f - 2, -5*v + 71 = 2*f - j. Calculate the remainder when t is divided by v.
19
Let x = 34 - 30. Suppose x*o = 440 - 124. What is the remainder when o is divided by (-38)/(-57)*(-60)/(-2)?
19
Suppose 2*k = -k + 276. Let g(h) = 32*h**2 + h + 1. Let z be -2 + 2 + (-3 - -2). Calculate the remainder when k is divided by g(z).
28
Suppose 582*q - 564*q - 2556 = 0. What is the remainder when q is divided by 40?
22
Suppose -7*v - 116 = -11*v + u, -3*v + 76 = 2*u. Suppose -4*n = 5*t - 5, t + 23 = -5*n + 3. Suppose -t = m - v. Calculate the remainder when m is divided by 11.
1
Let h = -69 + 108. Let g = 99 + -129. What is the remainder when h is divided by 3/9 + g*(-2)/9?
4
What is the remainder when 1709 is divided by (-3)/(305/(-390) + (-10)/(-15))?
19
L